 + 23025?
23032
In base 14, what is 2 + -b62d?
-b62b
In base 3, what is 1020 + 20002100000?
20002101020
In base 13, what is 20517a - 4?
205176
In base 8, what is 6 + -2720?
-2712
In base 7, what is -14315 + 21?
-14264
In base 8, what is -5 + -41215?
-41222
In base 9, what is -3780 + 57?
-3722
In base 9, what is 5010 - 3?
5006
In base 6, what is -303143153 - -5?
-303143144
In base 14, what is 90 - 2ba?
-22a
In base 5, what is 30 + -2210333?
-2210303
In base 14, what is -2ac - -5?
-2a7
In base 3, what is -1201102220220 - -2?
-1201102220211
In base 2, what is -101010101110001 - -111010?
-101010100110111
In base 5, what is 0 - 14043030?
-14043030
In base 10, what is -161 - 2540?
-2701
In base 4, what is -22233032 - -302?
-22232130
In base 10, what is -50 + 334?
284
In base 15, what is 197377 + 4?
19737b
In base 3, what is 2210 + 2220220?
10000200
In base 12, what is 5426 + -5?
5421
In base 6, what is 14313041 - -2?
14313043
In base 6, what is 0 + 104100?
104100
In base 10, what is -2986286 + -5?
-2986291
In base 6, what is 12112 + 3340?
15452
In base 3, what is -200002210221 + 10?
-200002210211
In base 7, what is 23 - -134002?
134025
In base 6, what is -1032 - -114201?
113125
In base 7, what is 3 - -3135521?
3135524
In base 2, what is 0 - 11100010011000011?
-11100010011000011
In base 16, what is 76a4 - -10?
76b4
In base 6, what is 42241 + -502?
41335
In base 6, what is -503 - -154?
-305
In base 16, what is -2c79e2 + 2?
-2c79e0
In base 8, what is 260 - 26264?
-26004
In base 2, what is 11 + -100111111010?
-100111110111
In base 11, what is 2 - -1312?
1314
In base 4, what is -20 + 310113033?
310113013
In base 13, what is -2 + 1c24b?
1c249
In base 6, what is 1 - -34313?
34314
In base 15, what is 4943 - 5?
493d
In base 8, what is -352 - -744?
372
In base 5, what is -20 - 40233?
-40303
In base 3, what is 1001000 + -22021?
201202
In base 12, what is -61773 + 0?
-61773
In base 10, what is -7 + 4993?
4986
In base 15, what is 20b9 + -7?
20b2
In base 13, what is -4 + 5a07?
5a03
In base 10, what is -8334 + -4?
-8338
In base 11, what is 3 + 1032a3?
1032a6
In base 6, what is -110 - -45313?
45203
In base 2, what is 1111110010 - -11001?
10000001011
In base 5, what is -34302 + 34?
-34213
In base 5, what is -24 + -31120?
-31144
In base 5, what is 1110200 - -1?
1110201
In base 7, what is -14515 - -35?
-14450
In base 9, what is 2 + -2037504?
-2037502
In base 14, what is 60a - -20?
62a
In base 15, what is 658 - 0?
658
In base 7, what is -112 - -152?
40
In base 7, what is 0 - -3323022?
3323022
In base 3, what is 12012 - 20010121?
-12221102
In base 8, what is -256 - 133?
-411
In base 3, what is 2200122 - -12?
2200211
In base 15, what is 101bd + 4?
101c2
In base 6, what is 30000104 + -3?
30000101
In base 15, what is 29 + -28?
1
In base 14, what is 2 - -108ad?
108b1
In base 8, what is 2766 - -2476?
5464
In base 8, what is -611 + -154?
-765
In base 7, what is 442 + -6361?
-5616
In base 2, what is 1110110101011 - 10?
1110110101001
In base 13, what is -24 + 37090?
37069
In base 12, what is -13034 + 4?
-13030
In base 3, what is -122010 - 12111122?
-20010202
In base 13, what is 0 - -2a1060?
2a1060
In base 12, what is 3 - -165a30?
165a33
In base 11, what is -18982 + 1?
-18981
In base 8, what is -21 - -110061?
110040
In base 13, what is -2c + 4507?
44a8
In base 13, what is -6 - 771b2?
-771b8
In base 4, what is 23000201 + -10?
23000131
In base 7, what is 401 + 60554?
61255
In base 11, what is -2882 - -15?
-2868
In base 15, what is -245e + a?
-2454
In base 11, what is 3 - 36729?
-36726
In base 8, what is -27361 + -104?
-27465
In base 16, what is 233 - -13?
246
In base 7, what is 34615 - 10?
34605
In base 5, what is 0 - 20404432?
-20404432
In base 11, what is 12 - -327a4?
32806
In base 4, what is 112102 - -2113?
120221
In base 7, what is 6136 - -12?
6151
In base 8, what is 26 - 553?
-525
In base 9, what is 4836281 - 1?
4836280
In base 15, what is 3 - -173d9?
173dc
In base 5, what is -1023 - -3211240?
3210212
In base 7, what is 1536 - 1366?
140
In base 10, what is 29667 - 49?
29618
In base 12, what is -197736 - -5?
-197731
In base 6, what is 5 - -205112?
205121
In base 16, what is -5 - -a8c?
a87
In base 7, what is 1311413 - -1?
1311414
In base 9, what is -11 + 1080?
1068
In base 4, what is -21121010 + 11?
-21120333
In base 5, what is 132 - -11320?
12002
In base 3, what is 210202 + 10000020?
10210222
In base 7, what is 426 - 110365?
-106636
In base 10, what is -11711 - -96?
-11615
In base 10, what is -11217 - -12?
-11205
In base 9, what is 227466 + -20?
227446
In base 7, what is 102212 - -256?
102501
In base 15, what is -ba3 + 2a?
-b78
In base 9, what is 13 - 11337?
-11324
In base 2, what is 110100000 + 111110?
111011110
In base 7, what is 4 + -115655?
-115651
In base 3, what is -111 - -12020120202?
12020120021
In base 5, what is -31 + 22010?
21424
In base 16, what is -41d27 + 1?
-41d26
In base 12, what is 1 - -3874?
3875
In base 11, what is 2 + 35431?
35433
In base 10, what is -596 + 1178?
582
In base 2, what is 10111100 + 110010111011?
110101110111
In base 4, what is -1 - -100131220?
100131213
In base 11, what is 4a4 + -166?
339
In base 16, what is -118e + -12?
-11a0
In base 16, what is -126cb4 - 3?
-126cb7
In base 3, what is 12111000 - -10?
12111010
In base 13, what is 3a69 - 12a?
393c
In base 6, what is -4 - -212101?
212053
In base 15, what is 3 - -6828a?
6828d
In base 6, what is -1503 - -103?
-1400
In base 8, what is 51 - 7352?
-7301
In base 10, what is 4280 - 3?
4277
In base 6, what is -33032 - -102?
-32530
In base 11, what is -377 - -28?
-34a
In base 13, what is 11 + -c31a?
-c309
In base 6, what is -121050503 - 0?
-121050503
In base 15, what is 4 - -8296?
829a
In base 6, what is -241 - -30324?
30043
In base 14, what is -46a6 - 30?
-46d6
In base 8, what is 72124 + 34?
72160
In base 3, what is -21220011220 + -2?
-21220011222
In base 13, what is 4 - -104b14?
104b18
In base 7, what is -66 - 524?
-623
In base 16, what is 176 + ef?
265
In base 16, what is 8 - -1e9?
1f1
In base 7, what is 2241035 - 6?
2241026
In base 4, what is -230110 - -110?
-230000
In base 13, what is 103 - 2063?
-1c60
In base 12, what is -6a745 + 2?
-6a743
In base 9, what is -4162388 - -4?
-4162384
In base 11, what is 1 + 2aa3?
2aa4
In base 8, what is -3 - -2102626?
2102623
In base 14, what is 1 + d034?
d035
In base 14, what is -70c - 265?
-973
In base 12, what is 3 - -407141?
407144
In base 3, what is -222 - -1100112?
1022120
In base 5, what is 14013 + 13112?
32130
In base 8, what is 125 - -10424?
10551
In base 6, what is -5 - 102324?
-102333
In base 15, what is 13 - 611d?
-610a
In base 16, what is 4 + 565?
569
In base 15, what is -596 - -333?
-263
In base 6, what is 0 - -340015?
340015
In base 12, what is -2 - -4b41?
4b3b
In base 15, what is 11a + 11?
12b
In base 12, what is -b01b52 + -4?
-b01b56
In base 8, what is -5 - 2643?
-2650
In base 14, what is 0 + 16b9c4?
16b9c4
In base 7, what is 4164 + 20?
4214
In base 2, what is -1001 + -10000111110000011?
-10000111110001100
In base 3, what is 1211 + -1001001?
-222020
In base 16, what is 2086a - 0?
2086a
In base 8, what is -5 - 253215?
-253222
In base 8, what is -27122 - -20?
-27102
In base 15, what is 18b + -49?
142
In base 14, what is 2c0 - 10d?
1b1
In base 14, what is -16 - c03?
-c19
In base 10, what is 70505 - 5?
70500
In base 11, what is -561a65 - -1?
-561a64
In base 11, what is 8 + -49910?
-49903
In base 15, what is 0 + -314e?
-314e
In base 12, what is -106 - -676?
570
In base 11, what is 2 + -54a8a8?
-54a8a6
In base 9, what is -1076 + -44?
-1131
In base 4, what is -30300 + 30332?
32
In base 6, what is -14220 + 14?
-14202
In base 10, what is -1 + 45200?
45199
In base 15, what is -4 + -2b7e8?
-2b7ec
In base 12, what is 79 + 1175?
1232
In base 15, what is 6a37 + 3?
6a3a
In base 5, what is -10 + 1040202?
1040142
In base 5, what is 411310311 - -3?
411310314
In base 13, what is 3 - -1bb1?
1bb4
In base 3, what is 1 - -110212222?
110220000
In base 16, what is c - 1b46?
-1b3a
In base 5, what is -2123331 + -303?
-2124134
In base 12, what is 5 - 13615?
-13610
In base 16, what is 1 - -283a?
283b
In base 9, what is 202 + 718?
1021
In base 6, what is 20 - 12414552?
-12414532
In base 5, what is -114 - 2214314?
-2214433
In base 10, what is -4 - 577526?
-577530
In base 8, 